3010
-10201 (base 3) to base 5
-400
What is 10112221212 (base 3) in base 4?
101011001
What is 136020053 (base 7) in base 4?
202020013310
What is -3304646 (base 8) in base 5?
-211342311
What is 103031303 (base 5) in base 14?
b62a6
What is -33515 (base 12) in base 4?
-100220201
Convert 2786643 (base 11) to base 3.
100000200101012
Convert 886070 (base 16) to base 5.
4242000314
Convert 12330333 (base 5) to base 13.
42c40
Convert -111001011101000001110101 (base 2) to base 9.
-31304855
Convert 68d1 (base 16) to base 6.
324121
-10011231 (base 5) to base 10
-78941
Convert -30132212112 (base 4) to base 9.
-6135043
Convert 161551030 (base 7) to base 15.
e5a8c7
-195294 (base 11) to base 8
-1111454
-236122 (base 7) to base 11
-2a297
Convert 3100904 (base 10) to base 13.
847571
1019d7 (base 15) to base 12
30a841
-150662241 (base 7) to base 2
-100110001001000011110001
Convert ac6c03 (base 14) to base 15.
7aaabb
Convert c82b6 (base 14) to base 12.
1b3974
-61646343 (base 7) to base 9
-10652070
What is e84db (base 16) in base 13?
274136
Convert -c4c39a (base 13) to base 5.
-2134044013
-2241602 (base 7) to base 5
-32413110
18412 (base 15) to base 13
29999
What is 318042 (base 10) in base 4?
1031221122
What is 1112204442 (base 5) in base 9?
4558430
78431 (base 12) to base 6
3230501
2342d2 (base 14) to base 4
10211210100
-10210112121 (base 3) to base 6
-1334024
What is 1303a (base 11) in base 13?
8669
What is -2241241421 (base 5) in base 12?
-1823917
Convert 7151335 (base 8) to base 3.
10112222012120
What is 811b5d (base 15) in base 12?
2078437
-12010110300 (base 4) to base 10
-1590576
Convert 326b0b2 (base 12) to base 9.
20050528
44443532 (base 7) to base 16
3aa351
-1092297 (base 10) to base 12
-448149
What is -134213340 (base 5) in base 15?
-dad30
What is -24240025 (base 7) in base 12?
-882647
What is -1110030 (base 6) in base 4?
-31213002
Convert -1002021103 (base 4) to base 11.
-175611
Convert 606045 (base 10) to base 6.
20553433
1361142 (base 8) to base 13
1066b2
Convert -51451127 (base 8) to base 15.
-e549a5
a426d9 (base 14) to base 11
3143396
Convert 151b22 (base 14) to base 12.
2b5302
Convert 33312012023 (base 4) to base 14.
7a1a79
8a1bc (base 15) to base 8
1531560
What is 9bc516 (base 14) in base 15?
6e96d0
Convert 663124 (base 7) to base 13.
40c57
a73b3 (base 13) to base 11
1966a0
What is 13003432 (base 5) in base 4?
132220310
What is 1010111101011011 (base 2) in base 13?
17582
What is -21202221200012 (base 3) in base 14?
-797ddd
Convert -10212400402 (base 5) to base 4.
-220230230310
Convert -105434a (base 11) to base 10.
-1850507
What is 2443341 (base 6) in base 9?
217757
What is -204222 (base 7) in base 13?
-12c90
What is 32aa56 (base 12) in base 13?
223290
What is 47510 (base 15) in base 5?
24233030
Convert -7365202 (base 9) to base 2.
-1111000010000000111001
Convert -508784 (base 9) to base 5.
-34123340
Convert 121553512 (base 6) to base 8.
10713264
Convert 100010001110100111001 (base 2) to base 4.
10101310321
Convert a8a16 (base 12) to base 16.
365b2
7724163 (base 9) to base 10
4149606
1d61e2 (base 15) to base 14
296199
What is 10212101001 (base 3) in base 13?
2882b
97465 (base 15) to base 10
480245
-201223413 (base 6) to base 4
-31010021001
33a250 (base 13) to base 3
2022002011212
What is -16635 (base 14) in base 6?
-1111423
-257c0 (base 16) to base 7
-1206425
-102121010122 (base 3) to base 16
-37bb3
3ee4d0 (base 16) to base 2
1111101110010011010000
10011000110100000 (base 2) to base 13
297c6
Convert 232860 (base 9) to base 11.
9615a
57562165 (base 8) to base 10
12510325
40023123 (base 5) to base 16
4cb33
Convert 12002221011 (base 4) to base 9.
2873360
Convert -117416 (base 12) to base 11.
-183079
-22c75c (base 14) to base 6
-41234422
What is -11131112311 (base 4) in base 11?
-898118
63a3b6 (base 14) to base 8
14666614
What is 244265515 (base 7) in base 4?
322202023222
Convert -1534004 (base 6) to base 2.
-10110000010110100
What is -13331312000 (base 4) in base 11?
-11a6a93
What is 1358636 (base 9) in base 8?
2664340
Convert 39e61 (base 16) to base 7.
2005260
What is 100301220332 (base 4) in base 5?
2111211010
Convert -1101000001111110 (base 2) to base 15.
-10c34
Convert 1010111100101011110 (base 2) to base 13.
c73a2
What is -958018 (base 10) in base 5?
-221124033
What is -410105 (base 7) in base 6?
-1254335
What is 180739 (base 10) in base 15?
38844
What is 323443 (base 12) in base 16?
c1cb3
What is 12101110122 (base 3) in base 8?
317076
Convert -22458 (base 13) to base 2.
-1111001100111001
84b477 (base 14) to base 2
10001000111100010100001
What is -895513 (base 10) in base 12?
-3722a1
-5c2250 (base 16) to base 5
-3021204341
10110020000 (base 3) to base 10
67959
What is -10240350 (base 6) in base 12?
-1260b6
14e3e (base 16) to base 6
1500050
Convert -174835 (base 11) to base 12.
-110210
What is -2b4a04 (base 13) in base 3?
-2000012222101
Convert 55397 (base 12) to base 16.
1b8e3
6a8a (base 16) to base 10
27274
4903c (base 16) to base 4
1021000330
Convert 1d32b5b (base 14) to base 11.
82a2469
Convert 111020011002010 (base 3) to base 9.
14204063
Convert -12034 (base 14) to base 7.
-242064
-130324 (base 10) to base 14
-356cc
Convert 412256 (base 7) to base 5.
4223304
-454684 (base 10) to base 5
-104022214
What is 104160153 (base 7) in base 6?
342152253
b27abd (base 15) to base 5
4132333203
-11000010101100101010 (base 2) to base 3
-1111111221101
Convert -25a41da (base 14) to base 8.
-105154744
What is 44558b (base 12) in base 9?
2037078
Convert 85a30 (base 11) to base 4.
132201202
Convert 20600 (base 13) to base 9.
87665
What is 641223 (base 9) in base 12?
1648b6
Convert 11067a (base 11) to base 3.
22222010020
What is -110101110110100101001011 (base 2) in base 4?
-311312211023
Convert 5086476 (base 9) to base 7.
32033610
133524513 (base 6) to base 15
38587c
What is -23759 (base 11) in base 16?
-858a
What is -433 (base 7) in base 9?
-264
Convert -7861 (base 16) to base 13.
-11047
Convert 1100401310 (base 5) to base 11.
136a492
Convert 941a (base 11) to base 7.
51253
What is -d856c (base 14) in base 2?
-1111111100011000100
16123 (base 14) to base 13
1c110
-11011110010100010 (base 2) to base 16
-1bca2
100010100100221 (base 3) to base 10
4848847
What is 231444 (base 5) in base 10?
8374
What is 134906 (base 10) in base 14?
37242
8a2328 (base 14) to base 13
c84057
What is 212002012110 (base 3) in base 12?
19aab6
Convert -21043210 (base 5) to base 11.
-10a374
What is 353b68 (base 12) in base 8?
3211700
2222220221111 (base 3) to base 7
16352542
2011010200 (base 3) to base 5
2324011
Convert -38ac3b (base 15) to base 7.
-32054645
Convert -13523542 (base 8) to base 6.
-145311042
-302b (base 16) to base 4
-3000223
Convert -110115662 (base 7) to base 5.
-3143001410
106273 (base 13) to base 15
790a7
-820868 (base 10) to base 6
-25332152
Convert -10210100002 (base 3) to base 14.
-1d28b
Convert -d37bc (base 15) to base 6.
-22205510
What is 3332030 (base 4) in base 5?
1010033
Convert -12031232 (base 4) to base 5.
-1303304
212002211102112 (base 3) to base 5
11120410413
What is 464642 (base 7) in base 16?
14582
What is -7325291 (base 10) in base 11?
-4153666
692a9 (base 11) to base 13
367a8
Convert 2203103331 (base 4) to base 6.
22200513
-3353340 (base 6) to base 12
-82850
Convert 203444003 (base 5) to base 6.
30025404
494886 (base 11) to base 14
16518b
41164 (base 11) to base 2
1110101010110110
127664 (base 13) to base 16
6c9da
-133243 (base 6) to base 13
-5859
What is -6cbc7 (base 13) in base 10?
-199752
What is -8389785 (base 10) in base 9?
-16706553
Convert 181ac7 (base 13) to base 2.
10010011011010110111
-a482e (base 15) to base 5
-113142334
What is -3245255 (base 6) in base 5?
-20140031
Convert 25327277 (base 9) to base 6.
1122102111
Convert 1a90898 (base 13) to base 14.
1250517
-125075a (base 12) to base 10
-3588406
What is 36d03 (base 16) in base 4?
312310003
711937 (base 11) to base 9
2133810
40201102 (base 5) to base 8
1156666
122aa7 (base 11) to base 5
22204242
What is -110101101000000 (base 2) in base 5?
-1334311
What is 2335344 (base 6) in base 16?
1db90
10101111110000111 (base 2) to base 6
1532343
Convert -bac2a6 (base 13) to base 5.
-2111143141
Convert -1ba6014 (base 12) to base 7.
-101332231
Convert -565455 (base 7) to base 16.
-18828
Convert e5ea 